{"id":1666,"date":"2022-01-11T08:07:19","date_gmt":"2022-01-11T13:07:19","guid":{"rendered":"https:\/\/protocolo.asambleanacional.gob.ec\/?page_id=1666"},"modified":"2025-06-19T13:40:00","modified_gmt":"2025-06-19T18:40:00","slug":"capacitaciones","status":"publish","type":"page","link":"https:\/\/protocolo.asambleanacional.gob.ec\/?page_id=1666","title":{"rendered":"Capacitaciones"},"content":{"rendered":"\t\t<div data-elementor-type=\"wp-page\" data-elementor-id=\"1666\" class=\"elementor elementor-1666\">\n\t\t\t\t\t\t<section class=\"elementor-section elementor-top-section elementor-element elementor-element-31d3ff28 elementor-section-full_width elementor-section-stretched elementor-section-height-default elementor-section-height-default\" data-id=\"31d3ff28\" data-element_type=\"section\" data-settings=\"{&quot;stretch_section&quot;:&quot;section-stretched&quot;}\">\n\t\t\t\t\t\t<div class=\"elementor-container elementor-column-gap-default\">\n\t\t\t\t\t<div class=\"elementor-column elementor-col-33 elementor-top-column elementor-element elementor-element-71778891\" data-id=\"71778891\" data-element_type=\"column\">\n\t\t\t<div class=\"elementor-widget-wrap elementor-element-populated\">\n\t\t\t\t\t\t<div class=\"elementor-element elementor-element-12613351 elementor-position-top elementor-widget elementor-widget-image-box\" data-id=\"12613351\" data-element_type=\"widget\" data-widget_type=\"image-box.default\">\n\t\t\t\t<div class=\"elementor-widget-container\">\n\t\t\t<div class=\"elementor-image-box-wrapper\"><figure class=\"elementor-image-box-img\"><a href=\"https:\/\/protocolo.asambleanacional.gob.ec\/\" tabindex=\"-1\"><img decoding=\"async\" width=\"202\" height=\"49\" src=\"https:\/\/protocolo.asambleanacional.gob.ec\/wp-content\/uploads\/2025\/06\/Logo-20252.jpeg\" class=\"attachment-full size-full wp-image-4045\" alt=\"\" \/><\/a><\/figure><\/div>\t\t<\/div>\n\t\t\t\t<\/div>\n\t\t\t\t\t<\/div>\n\t\t<\/div>\n\t\t\t\t<div class=\"elementor-column elementor-col-66 elementor-top-column elementor-element elementor-element-26e1b83b\" data-id=\"26e1b83b\" data-element_type=\"column\">\n\t\t\t<div class=\"elementor-widget-wrap elementor-element-populated\">\n\t\t\t\t\t\t<div class=\"elementor-element elementor-element-230e8249 elementor-nav-menu__text-align-center elementor-nav-menu--indicator-classic elementor-nav-menu--dropdown-tablet elementor-nav-menu--toggle elementor-nav-menu--burger elementor-widget elementor-widget-nav-menu\" data-id=\"230e8249\" data-element_type=\"widget\" data-settings=\"{&quot;layout&quot;:&quot;horizontal&quot;,&quot;toggle&quot;:&quot;burger&quot;}\" data-widget_type=\"nav-menu.default\">\n\t\t\t\t<div class=\"elementor-widget-container\">\n\t\t\t\t\t\t<nav role=\"navigation\" class=\"elementor-nav-menu--main elementor-nav-menu__container elementor-nav-menu--layout-horizontal e--pointer-none\"><ul id=\"menu-1-230e8249\" class=\"elementor-nav-menu\"><li class=\"menu-item menu-item-type-post_type menu-item-object-page menu-item-home menu-item-1743\"><a href=\"https:\/\/protocolo.asambleanacional.gob.ec\/\" class=\"elementor-item\">Inicio<\/a><\/li>\n<li class=\"menu-item menu-item-type-post_type menu-item-object-page menu-item-has-children menu-item-1244\"><a href=\"https:\/\/protocolo.asambleanacional.gob.ec\/?page_id=1222\" class=\"elementor-item\">Qui\u00e9nes SOMOS<\/a>\n<ul class=\"sub-menu elementor-nav-menu--dropdown\">\n\t<li class=\"menu-item menu-item-type-post_type menu-item-object-page menu-item-has-children menu-item-2449\"><a href=\"https:\/\/protocolo.asambleanacional.gob.ec\/?page_id=2444\" class=\"elementor-sub-item\">ACTIVIDADES<\/a>\n\t<ul class=\"sub-menu elementor-nav-menu--dropdown\">\n\t\t<li class=\"menu-item menu-item-type-post_type menu-item-object-page menu-item-1678\"><a href=\"https:\/\/protocolo.asambleanacional.gob.ec\/?page_id=1657\" class=\"elementor-sub-item\">Asesor\u00edas<\/a><\/li>\n\t\t<li class=\"menu-item menu-item-type-post_type menu-item-object-page menu-item-1677\"><a href=\"https:\/\/protocolo.asambleanacional.gob.ec\/?page_id=1666\" class=\"elementor-sub-item\">Capacitaciones<\/a><\/li>\n\t\t<li class=\"menu-item menu-item-type-post_type menu-item-object-page menu-item-1676\"><a href=\"https:\/\/protocolo.asambleanacional.gob.ec\/?page_id=1671\" class=\"elementor-sub-item\">Organizaci\u00f3n<\/a><\/li>\n\t\t<li class=\"menu-item menu-item-type-post_type menu-item-object-page menu-item-2552\"><a href=\"https:\/\/protocolo.asambleanacional.gob.ec\/?page_id=2547\" class=\"elementor-sub-item\">Ceremonial Y Etiqueta<\/a><\/li>\n\t\t<li class=\"menu-item menu-item-type-post_type menu-item-object-page menu-item-2600\"><a href=\"https:\/\/protocolo.asambleanacional.gob.ec\/?page_id=2595\" class=\"elementor-sub-item\">Coordinaci\u00f3n y Planificaci\u00f3n<\/a><\/li>\n\t<\/ul>\n<\/li>\n\t<li class=\"menu-item menu-item-type-post_type menu-item-object-page menu-item-has-children menu-item-651\"><a href=\"https:\/\/protocolo.asambleanacional.gob.ec\/?page_id=648\" class=\"elementor-sub-item\">Equipo de la Coordinaci\u00f3n<\/a>\n\t<ul class=\"sub-menu elementor-nav-menu--dropdown\">\n\t\t<li class=\"menu-item menu-item-type-custom menu-item-object-custom menu-item-has-children menu-item-1207\"><a href=\"#\" class=\"elementor-sub-item elementor-item-anchor\">Nuestro Servicios<\/a>\n\t\t<ul class=\"sub-menu elementor-nav-menu--dropdown\">\n\t\t\t<li class=\"menu-item menu-item-type-post_type menu-item-object-page menu-item-2399\"><a href=\"https:\/\/protocolo.asambleanacional.gob.ec\/?page_id=2386\" class=\"elementor-sub-item\">Atribuciones<\/a><\/li>\n\t\t\t<li class=\"menu-item menu-item-type-post_type menu-item-object-page menu-item-1090\"><a href=\"https:\/\/protocolo.asambleanacional.gob.ec\/?page_id=1063\" class=\"elementor-sub-item\">Informaci\u00f3n sobre salones de eventos<\/a><\/li>\n\t\t<\/ul>\n<\/li>\n\t<\/ul>\n<\/li>\n<\/ul>\n<\/li>\n<li class=\"menu-item menu-item-type-post_type menu-item-object-page menu-item-2096\"><a href=\"https:\/\/protocolo.asambleanacional.gob.ec\/?page_id=2053\" class=\"elementor-item\">Conoce m\u00e1s sobre protocolo<\/a><\/li>\n<li class=\"menu-item menu-item-type-post_type menu-item-object-page menu-item-3182\"><a href=\"https:\/\/protocolo.asambleanacional.gob.ec\/?page_id=2444\" class=\"elementor-item\">Actividades<\/a><\/li>\n<li class=\"menu-item menu-item-type-post_type menu-item-object-page menu-item-2826\"><a href=\"https:\/\/protocolo.asambleanacional.gob.ec\/?page_id=2821\" class=\"elementor-item\">Arte y Simbolismo<\/a><\/li>\n<li class=\"menu-item menu-item-type-post_type menu-item-object-page menu-item-1741\"><a href=\"https:\/\/protocolo.asambleanacional.gob.ec\/?page_id=1683\" class=\"elementor-item\">Galer\u00eda<\/a><\/li>\n<li class=\"menu-item menu-item-type-post_type menu-item-object-page menu-item-647\"><a href=\"https:\/\/protocolo.asambleanacional.gob.ec\/?page_id=640\" class=\"elementor-item\">Reglamentos<\/a><\/li>\n<li class=\"menu-item menu-item-type-post_type menu-item-object-page menu-item-658\"><a href=\"https:\/\/protocolo.asambleanacional.gob.ec\/?page_id=143\" class=\"elementor-item\">Contacto<\/a><\/li>\n<\/ul><\/nav>\n\t\t\t\t\t<div class=\"elementor-menu-toggle\" role=\"button\" tabindex=\"0\" aria-label=\"Menu Toggle\" aria-expanded=\"false\">\n\t\t\t<i class=\"eicon-menu-bar\" aria-hidden=\"true\"><\/i>\n\t\t\t<span class=\"elementor-screen-only\">Menu<\/span>\n\t\t<\/div>\n\t\t\t<nav class=\"elementor-nav-menu--dropdown elementor-nav-menu__container\" role=\"navigation\" aria-hidden=\"true\"><ul id=\"menu-2-230e8249\" class=\"elementor-nav-menu\"><li class=\"menu-item menu-item-type-post_type menu-item-object-page menu-item-home menu-item-1743\"><a href=\"https:\/\/protocolo.asambleanacional.gob.ec\/\" class=\"elementor-item\">Inicio<\/a><\/li>\n<li class=\"menu-item menu-item-type-post_type menu-item-object-page menu-item-has-children menu-item-1244\"><a href=\"https:\/\/protocolo.asambleanacional.gob.ec\/?page_id=1222\" class=\"elementor-item\">Qui\u00e9nes SOMOS<\/a>\n<ul class=\"sub-menu elementor-nav-menu--dropdown\">\n\t<li class=\"menu-item menu-item-type-post_type menu-item-object-page menu-item-has-children menu-item-2449\"><a href=\"https:\/\/protocolo.asambleanacional.gob.ec\/?page_id=2444\" class=\"elementor-sub-item\">ACTIVIDADES<\/a>\n\t<ul class=\"sub-menu elementor-nav-menu--dropdown\">\n\t\t<li class=\"menu-item menu-item-type-post_type menu-item-object-page menu-item-1678\"><a href=\"https:\/\/protocolo.asambleanacional.gob.ec\/?page_id=1657\" class=\"elementor-sub-item\">Asesor\u00edas<\/a><\/li>\n\t\t<li class=\"menu-item menu-item-type-post_type menu-item-object-page menu-item-1677\"><a href=\"https:\/\/protocolo.asambleanacional.gob.ec\/?page_id=1666\" class=\"elementor-sub-item\">Capacitaciones<\/a><\/li>\n\t\t<li class=\"menu-item menu-item-type-post_type menu-item-object-page menu-item-1676\"><a href=\"https:\/\/protocolo.asambleanacional.gob.ec\/?page_id=1671\" class=\"elementor-sub-item\">Organizaci\u00f3n<\/a><\/li>\n\t\t<li class=\"menu-item menu-item-type-post_type menu-item-object-page menu-item-2552\"><a href=\"https:\/\/protocolo.asambleanacional.gob.ec\/?page_id=2547\" class=\"elementor-sub-item\">Ceremonial Y Etiqueta<\/a><\/li>\n\t\t<li class=\"menu-item menu-item-type-post_type menu-item-object-page menu-item-2600\"><a href=\"https:\/\/protocolo.asambleanacional.gob.ec\/?page_id=2595\" class=\"elementor-sub-item\">Coordinaci\u00f3n y Planificaci\u00f3n<\/a><\/li>\n\t<\/ul>\n<\/li>\n\t<li class=\"menu-item menu-item-type-post_type menu-item-object-page menu-item-has-children menu-item-651\"><a href=\"https:\/\/protocolo.asambleanacional.gob.ec\/?page_id=648\" class=\"elementor-sub-item\">Equipo de la Coordinaci\u00f3n<\/a>\n\t<ul class=\"sub-menu elementor-nav-menu--dropdown\">\n\t\t<li class=\"menu-item menu-item-type-custom menu-item-object-custom menu-item-has-children menu-item-1207\"><a href=\"#\" class=\"elementor-sub-item elementor-item-anchor\">Nuestro Servicios<\/a>\n\t\t<ul class=\"sub-menu elementor-nav-menu--dropdown\">\n\t\t\t<li class=\"menu-item menu-item-type-post_type menu-item-object-page menu-item-2399\"><a href=\"https:\/\/protocolo.asambleanacional.gob.ec\/?page_id=2386\" class=\"elementor-sub-item\">Atribuciones<\/a><\/li>\n\t\t\t<li class=\"menu-item menu-item-type-post_type menu-item-object-page menu-item-1090\"><a href=\"https:\/\/protocolo.asambleanacional.gob.ec\/?page_id=1063\" class=\"elementor-sub-item\">Informaci\u00f3n sobre salones de eventos<\/a><\/li>\n\t\t<\/ul>\n<\/li>\n\t<\/ul>\n<\/li>\n<\/ul>\n<\/li>\n<li class=\"menu-item menu-item-type-post_type menu-item-object-page menu-item-2096\"><a href=\"https:\/\/protocolo.asambleanacional.gob.ec\/?page_id=2053\" class=\"elementor-item\">Conoce m\u00e1s sobre protocolo<\/a><\/li>\n<li class=\"menu-item menu-item-type-post_type menu-item-object-page menu-item-3182\"><a href=\"https:\/\/protocolo.asambleanacional.gob.ec\/?page_id=2444\" class=\"elementor-item\">Actividades<\/a><\/li>\n<li class=\"menu-item menu-item-type-post_type menu-item-object-page menu-item-2826\"><a href=\"https:\/\/protocolo.asambleanacional.gob.ec\/?page_id=2821\" class=\"elementor-item\">Arte y Simbolismo<\/a><\/li>\n<li class=\"menu-item menu-item-type-post_type menu-item-object-page menu-item-1741\"><a href=\"https:\/\/protocolo.asambleanacional.gob.ec\/?page_id=1683\" class=\"elementor-item\">Galer\u00eda<\/a><\/li>\n<li class=\"menu-item menu-item-type-post_type menu-item-object-page menu-item-647\"><a href=\"https:\/\/protocolo.asambleanacional.gob.ec\/?page_id=640\" class=\"elementor-item\">Reglamentos<\/a><\/li>\n<li class=\"menu-item menu-item-type-post_type menu-item-object-page menu-item-658\"><a href=\"https:\/\/protocolo.asambleanacional.gob.ec\/?page_id=143\" class=\"elementor-item\">Contacto<\/a><\/li>\n<\/ul><\/nav>\n\t\t\t\t<\/div>\n\t\t\t\t<\/div>\n\t\t\t\t\t<\/div>\n\t\t<\/div>\n\t\t\t\t\t<\/div>\n\t\t<\/section>\n\t\t\t\t<section class=\"elementor-section elementor-top-section elementor-element elementor-element-021399c elementor-section-boxed elementor-section-height-default elementor-section-height-default\" data-id=\"021399c\" data-element_type=\"section\">\n\t\t\t\t\t\t<div class=\"elementor-container elementor-column-gap-default\">\n\t\t\t\t\t<div class=\"elementor-column elementor-col-100 elementor-top-column elementor-element elementor-element-c254583\" data-id=\"c254583\" data-element_type=\"column\">\n\t\t\t<div class=\"elementor-widget-wrap elementor-element-populated\">\n\t\t\t\t\t\t<div class=\"elementor-element elementor-element-8a5f240 elementor-widget elementor-widget-heading\" data-id=\"8a5f240\" data-element_type=\"widget\" data-widget_type=\"heading.default\">\n\t\t\t\t<div class=\"elementor-widget-container\">\n\t\t\t<h2 class=\"elementor-heading-title elementor-size-default\">\"En cada detalle, protocolo; en cada evento, excelencia\"<\/h2>\t\t<\/div>\n\t\t\t\t<\/div>\n\t\t\t\t<div class=\"elementor-element elementor-element-5daba93 elementor-widget elementor-widget-image\" data-id=\"5daba93\" data-element_type=\"widget\" data-widget_type=\"image.default\">\n\t\t\t\t<div class=\"elementor-widget-container\">\n\t\t\t\t\t\t\t\t\t\t\t\t\t<img fetchpriority=\"high\" decoding=\"async\" width=\"1280\" height=\"929\" src=\"https:\/\/protocolo.asambleanacional.gob.ec\/wp-content\/uploads\/2025\/05\/WhatsApp-Image-2025-05-21-at-6.30.15-PM.jpeg\" class=\"attachment-full size-full wp-image-3945\" alt=\"\" srcset=\"https:\/\/protocolo.asambleanacional.gob.ec\/wp-content\/uploads\/2025\/05\/WhatsApp-Image-2025-05-21-at-6.30.15-PM.jpeg 1280w, https:\/\/protocolo.asambleanacional.gob.ec\/wp-content\/uploads\/2025\/05\/WhatsApp-Image-2025-05-21-at-6.30.15-PM-300x218.jpeg 300w, https:\/\/protocolo.asambleanacional.gob.ec\/wp-content\/uploads\/2025\/05\/WhatsApp-Image-2025-05-21-at-6.30.15-PM-1024x743.jpeg 1024w, https:\/\/protocolo.asambleanacional.gob.ec\/wp-content\/uploads\/2025\/05\/WhatsApp-Image-2025-05-21-at-6.30.15-PM-768x557.jpeg 768w\" sizes=\"(max-width: 1280px) 100vw, 1280px\" \/>\t\t\t\t\t\t\t\t\t\t\t\t\t<\/div>\n\t\t\t\t<\/div>\n\t\t\t\t\t<\/div>\n\t\t<\/div>\n\t\t\t\t\t<\/div>\n\t\t<\/section>\n\t\t\t\t<section class=\"elementor-section elementor-top-section elementor-element elementor-element-5cecd664 elementor-section-stretched elementor-section-boxed elementor-section-height-default elementor-section-height-default\" data-id=\"5cecd664\" data-element_type=\"section\" data-settings=\"{&quot;stretch_section&quot;:&quot;section-stretched&quot;}\">\n\t\t\t\t\t\t<div class=\"elementor-container elementor-column-gap-default\">\n\t\t\t\t\t<div class=\"elementor-column elementor-col-100 elementor-top-column elementor-element elementor-element-5aebca98\" data-id=\"5aebca98\" data-element_type=\"column\">\n\t\t\t<div class=\"elementor-widget-wrap elementor-element-populated\">\n\t\t\t\t\t\t<div class=\"elementor-element elementor-element-4be6f746 elementor-widget elementor-widget-heading\" data-id=\"4be6f746\" data-element_type=\"widget\" data-widget_type=\"heading.default\">\n\t\t\t\t<div class=\"elementor-widget-container\">\n\t\t\t<h2 class=\"elementor-heading-title elementor-size-default\">Capacitaciones<\/h2>\t\t<\/div>\n\t\t\t\t<\/div>\n\t\t\t\t\t<\/div>\n\t\t<\/div>\n\t\t\t\t\t<\/div>\n\t\t<\/section>\n\t\t\t\t<section class=\"elementor-section elementor-top-section elementor-element elementor-element-3c0f4330 elementor-section-stretched elementor-section-boxed elementor-section-height-default elementor-section-height-default\" data-id=\"3c0f4330\" data-element_type=\"section\" data-settings=\"{&quot;stretch_section&quot;:&quot;section-stretched&quot;}\">\n\t\t\t\t\t\t<div class=\"elementor-container elementor-column-gap-default\">\n\t\t\t\t\t<div class=\"elementor-column elementor-col-100 elementor-top-column elementor-element elementor-element-3d036e73\" data-id=\"3d036e73\" data-element_type=\"column\">\n\t\t\t<div class=\"elementor-widget-wrap elementor-element-populated\">\n\t\t\t\t\t\t<div class=\"elementor-element elementor-element-366df333 elementor-drop-cap-yes elementor-drop-cap-view-default elementor-widget elementor-widget-text-editor\" data-id=\"366df333\" data-element_type=\"widget\" data-settings=\"{&quot;drop_cap&quot;:&quot;yes&quot;}\" data-widget_type=\"text-editor.default\">\n\t\t\t\t<div class=\"elementor-widget-container\">\n\t\t\t\t\t\t\t<p>Con m\u00e1s de 25 a\u00f1os de experiencia en temas protocolares, la capacitaci\u00f3n se presenta como un servicio dedicado a la formaci\u00f3n especializada en la realizaci\u00f3n de eventos. A trav\u00e9s de un enfoque educativo y orientado a resultados, busca dotar a los participantes con los conocimientos necesarios para desenvolverse con destreza en el \u00e1mbito protocolar.<\/p><p>Con un programa que abarca desde normativas establecidas hasta pr\u00e1cticas y habilidades espec\u00edficas, la capacitaci\u00f3n protocolar tiene como objetivo equipar a los participantes con las herramientas esenciales para interpretar y aplicar protocolos, as\u00ed como normas de imagen y etiqueta. Este servicio se distingue por ofrecer un aprendizaje pr\u00e1ctico y adaptado, asegurando que los participantes adquieran competencias s\u00f3lidas y aplicables en situaciones reales.<\/p>\t\t\t\t\t\t<\/div>\n\t\t\t\t<\/div>\n\t\t\t\t\t<\/div>\n\t\t<\/div>\n\t\t\t\t\t<\/div>\n\t\t<\/section>\n\t\t\t\t<\/div>\n\t\t","protected":false},"excerpt":{"rendered":"<p>\u00abEn cada detalle, protocolo; en cada evento, excelencia\u00bb Capacitaciones Con m\u00e1s de 25 a\u00f1os de experiencia en temas protocolares, la capacitaci\u00f3n se presenta como un servicio dedicado a la formaci\u00f3n especializada en la realizaci\u00f3n de eventos. A trav\u00e9s de un enfoque educativo y orientado a resultados, busca dotar a los participantes con los conocimientos necesarios [&hellip;]<\/p>\n","protected":false},"author":1,"featured_media":0,"parent":0,"menu_order":0,"comment_status":"closed","ping_status":"closed","template":"","meta":{"footnotes":""},"class_list":["post-1666","page","type-page","status-publish","hentry"],"_links":{"self":[{"href":"https:\/\/protocolo.asambleanacional.gob.ec\/index.php?rest_route=\/wp\/v2\/pages\/1666"}],"collection":[{"href":"https:\/\/protocolo.asambleanacional.gob.ec\/index.php?rest_route=\/wp\/v2\/pages"}],"about":[{"href":"https:\/\/protocolo.asambleanacional.gob.ec\/index.php?rest_route=\/wp\/v2\/types\/page"}],"author":[{"embeddable":true,"href":"https:\/\/protocolo.asambleanacional.gob.ec\/index.php?rest_route=\/wp\/v2\/users\/1"}],"replies":[{"embeddable":true,"href":"https:\/\/protocolo.asambleanacional.gob.ec\/index.php?rest_route=%2Fwp%2Fv2%2Fcomments&post=1666"}],"version-history":[{"count":54,"href":"https:\/\/protocolo.asambleanacional.gob.ec\/index.php?rest_route=\/wp\/v2\/pages\/1666\/revisions"}],"predecessor-version":[{"id":4116,"href":"https:\/\/protocolo.asambleanacional.gob.ec\/index.php?rest_route=\/wp\/v2\/pages\/1666\/revisions\/4116"}],"wp:attachment":[{"href":"https:\/\/protocolo.asambleanacional.gob.ec\/index.php?rest_route=%2Fwp%2Fv2%2Fmedia&parent=1666"}],"curies":[{"name":"wp","href":"https:\/\/api.w.org\/{rel}","templated":true}]}}